ivided by d(0).
13
Let t(c) = c**2 - 28*c + 255. Calculate the remainder when 586 is divided by t(9).
82
Suppose -120867 = -52*f - 2463. Calculate the remainder when f is divided by 38.
35
Suppose -369*k - 212795 + 902825 = 0. What is the remainder when k is divided by 57?
46
Suppose 7 + 24 = c. Let f(p) = -5*p + 15*p**2 + 13*p**2 + 13*p**2 - 18 - c*p**2. What is the remainder when f(-4) is divided by 41?
39
Calculate the remainder when 5008 is divided by 1/((-2)/2) + -4 + (-4472)/(-26).
165
Let j(l) = 35*l**2 - l + 1. Let u be j(1). Let n be 6/(-2) - u/(-7 + 0). What is the remainder when (-850)/(-18) - (n + (-80)/45) is divided by 18?
11
Suppose -t + b = -27, -5*t + 3*b + 121 = 5*b. Let w be 69/5 + 5/t. What is the remainder when 118 is divided by ((-93)/(-21) + -3)*w?
18
Suppose -t = 3, 2*k + 3*t - 25 = -8. Calculate the remainder when 5*5*(-2)/(-100)*(64 + 10) is divided by k - (-2 - (-2 - 3)).
7
Suppose 3*l - 234 = -12*d + 7*d, 0 = -5*d + 3*l + 216. Calculate the remainder when 132 is divided by d.
42
Let m = -37158 + 59332. Calculate the remainder when m is divided by 67.
64
Suppose -13 = 8*h - 5. Calculate the remainder when 195 is divided by 58/319 + h + 229/11.
15
Let p = -494 - -495. Calculate the remainder when p + 1 + -8 - (-5085)/45 is divided by 18.
17
Let h(r) = r**2 + 7*r + 3. Suppose -21*t + 22*t = -6. Let b be h(t). Let w(k) = 2*k**2 - k - 10. What is the remainder when w(b) is divided by 4?
3
Suppose 3926 = 3*o - 4*f + 3576, -3*f = -12. Suppose -y + 0*y + 9 = 0. What is the remainder when o is divided by y?
5
Let w = 4 + 2. Let x(j) = 2*j**2 + 55*j - 15. Let v be x(-28). Suppose 2*s = -a, -3*s + v = 9*a - 14*a. Calculate the remainder when w is divided by s.
0
Suppose i - 2*r - 123 = 0, 5*r + 366 = -0*i + 3*i. Let j = 1101997 + -1101982. Calculate the remainder when i is divided by j.
12
Let q = -17477 + 17573. Calculate the remainder when 1142 is divided by q.
86
Let o(u) = -2*u**2 + 47*u + 5. Let b(i) = i**3 - 12*i**2 + 35*i - 19. Calculate the remainder when o(23) is divided by b(8).
3
Calculate the remainder when 2424 is divided by 156/30*(-220)/(-8).
136
Let o(r) = 15*r + 20. Let v = -18 - -22. What is the remainder when o(v) is divided by 9?
8
Let w = -77 + 120. Let r be ((104/(-6))/4)/((-36)/3456). Suppose 428 = 2*n + i, -3*i - r = -2*n + 2*i. What is the remainder when n is divided by w?
41
What is the remainder when (3580*54/45)/3 is divided by 110?
2
Let q = 10792 - 10756. What is the remainder when 42225 is divided by q?
33
Let g(c) = c**3 - 10*c**2 - 32*c - 38. What is the remainder when g(14) is divided by 4?
2
Suppose 3*s = 178 + 53. Suppose -3*r + 5*r + 4*f = 16, 0 = 4*r + f - 4. Suppose r = -k - 2*k + 117. What is the remainder when s is divided by k?
38
What is the remainder when 131 is divided by (-74)/(-7 - 84/(-14))?
57
Let q(p) = 18*p**3 - 485*p**2 + 30*p - 3. Calculate the remainder when q(27) is divided by 765.
6
Suppose 34*j - 3*j - 9331 = 0. Let s(m) = -m**2 + 44*m + 176. Calculate the remainder when j is divided by s(46).
49
Let a = 178 + -183. Let g(o) = -4*o**3 - 3*o**2 - 5*o - 46. What is the remainder when g(a) is divided by 37?
34
Let r(c) = c**3 - 18*c**2 - 47*c - 4. Let l(q) = -q**3 - 4*q**2 + 5*q - 2. Let n be l(-5). Calculate the remainder when n - -7*(5 + 2) is divided by r(-2).
7
Let o = -8021 + 8052. What is the remainder when 771 is divided by o?
27
Suppose 871*i - 250 = 846*i. What is the remainder when 5677 is divided by i?
7
Let y be 17/3 - (4 - (-39)/(-9)). Suppose y*v = 105 + 213. Suppose -t - 5*z = -12, -3*t + 0*z + v = -2*z. Calculate the remainder when 64 is divided by t.
13
Suppose -u + 14 = -9. What is the remainder when u is divided by 8/10 + (-4681)/(-3775)*(-5)/(-1)?
2
What is the remainder when (-319880)/(-66) + (11 + -15)/(-5 + 2) is divided by 77?
74
Suppose -4*q - 469 = 3*a, 6*q - 5*a - 217 = 8*q. Let p = q - -217. Calculate the remainder when p is divided by 25.
21
Let c = -87 - -89. Suppose -n + 3*n = -c*o + 56, -5*o + 2*n = -133. What is the remainder when 2790/o - (-4)/6 is divided by 21?
20
Let p be 25 + (-3 - (-9 + 4)). Let f = -382 + 421. Suppose -24*r + p*r = f. Calculate the remainder when 31 is divided by r.
5
Suppose 4*u + 4*f - 3660 = 0, 0 = -5*f + 650 - 630. Calculate the remainder when u is divided by 114.
113
Let b be (-40)/(-8) - 6 - 1*-2. Let y(o) = -o + 7. Calculate the remainder when 17/2 + b/(-2) + 0 is divided by y(0).
1
Let d = -76544 + 76608. Let h(w) = 3*w**2 - 3*w - 2. What is the remainder when d is divided by h(4)?
30
Let i(m) = -m**2 + 20*m - 81. Let o be -3*7/(21/16). Let y = o + 20. Calculate the remainder when i(11) is divided by y.
2
Suppose 321*o - 26810 = 145*o + 162*o. What is the remainder when o is divided by 10?
5
Suppose -20*x + 2692 + 4048 = 0. What is the remainder when x is divided by 173?
164
Let n = 713 - -42. Let q = n + -329. Calculate the remainder when q is divided by 39.
36
What is the remainder when 2304 is divided by 17/((-833)/14) + 1619/7?
225
Suppose 4*g - 6*w - 1154 = -4*w, 5*w + 1435 = 5*g. Let h = 2735 + -2662. What is the remainder when g is divided by h?
71
Let q = 338 + -257. Suppose -7*v = q - 165. Calculate the remainder when v is divided by (((-63)/3)/(-3))/1.
5
Let n(v) = 3*v**3 - 12*v**2 + 4*v - 4. Let p be n(5). Let i = p + -83. Calculate the remainder when 25 is divided by i.
1
Let d = -341 + 401. What is the remainder when 426 is divided by d?
6
Suppose 0*y - 35416 = -76*y. What is the remainder when y is divided by 28?
18
Suppose 0 = -4*m - 4, 34*b + 3919 = 37*b + 5*m. What is the remainder when b is divided by 41?
37
Calculate the remainder when (-12795)/45*(2 - 23) is divided by 25.
21
Suppose -21*b + 0*b + 3045 = 0. Let v = 163 - b. What is the remainder when 48 is divided by v?
12
Let c = 1035 + -998. Calculate the remainder when 216 is divided by c.
31
Suppose 0 = 5*n, 50*n = 5*x + 47*n - 35. What is the remainder when 3988 is divided by x?
5
Let x(b) = 171*b - 756. What is the remainder when x(7) is divided by 56?
49
Let b(h) = -36*h**2 - 271*h - 6. What is the remainder when b(-5) is divided by 25?
24
Let i = -6 + 12. Suppose -p + 9 = -3*n, 0 = -2*p - 0*p + 3*n + i. Let c = p + 6. Calculate the remainder when c is divided by 3.
0
Suppose -74*z + 71*z = -3. What is the remainder when (-12)/(-2) + z*(10 - 5) is divided by 10?
1
Let k = 56 + 33. Calculate the remainder when k is divided by 112/84 - (-46)/6.
8
Suppose 7*j = 8*j. Suppose 4*w - w + 5*y - 140 = j, 3*y = -4*w + 172. What is the remainder when w is divided by 9?
4
Let l(z) = 36*z - 6. Let h be l(-2). Let s = h - -89. Calculate the remainder when 45/2*(-16)/(-12) is divided by s.
8
Suppose 7*b - 3*b = -20, 191 = f - 4*b. What is the remainder when 675 is divided by f?
162
Let g(b) = 159*b - 257. Suppose -4*q + 9 = f - 46, 0 = -4*f + 4*q + 260. Let n = -41 + f. Calculate the remainder when g(2) is divided by n.
17
Let o(a) = 3*a**2 + 4741 + 15*a - 4733 - 4*a. What is the remainder when 48 is divided by o(-4)?
0
Suppose z - 26 = -4*s, -1911*z + 1913*z - s = 97. Calculate the remainder when 1747 is divided by z.
45
Let b(x) = 2*x**2 - 162*x + 2459. What is the remainder when 166 is divided by b(19)?
63
Let n(q) be the first derivative of -q**3/3 + 9*q**2 - 18*q - 63. What is the remainder when n(11) is divided by 12?
11
Let n = -7633 - -8006. Calculate the remainder when n is divided by 141.
91
Let p(l) = -20*l**2 - 179*l - 52. Calculate the remainder when 4899 is divided by p(-8).
99
Suppose 8*v = 4*v + 204. Let j be (-2 + -4)*(-56)/6. Suppose 0 = 2*k - j + 20. What is the remainder when v is divided by k?
15
Let p(c) = -4*c**3 - 6*c**2 - 2*c - 2. Let r = 45 - 48. What is the remainder when p(r) is divided by 16?
10
Suppose 0 = 5*f + 3*k - 853, -737 + 37 = -4*f + 2*k. Let n = 197 - f. Calculate the remainder when 47 is divided by n.
23
Let k be 10 + 2*(-1)/2. Let d = -463 + 467. What is the remainder when -58*3/d*(-18)/k is divided by 9?
6
Let j(q) = 2*q**2 - q - 2. Let x = 49 + -45. Suppose 0 = -x*r - 5*h + 43, 3*r - 4*h - 76 = h. What is the remainder when r is divided by j(2)?
1
Let v be (3/(12/40))/(-1). Suppose 0 = -23*k + 137 + 47. Calculate the remainder when ((-92)/(-5))/((-4)/v) is divided by k.
6
Let p = -4533 - -4559. What i